{"id":28,"date":"2021-11-02T11:41:14","date_gmt":"2021-11-02T10:41:14","guid":{"rendered":"https:\/\/www.kilchherrbubna.ch\/franz\/?page_id=28"},"modified":"2025-08-26T14:52:57","modified_gmt":"2025-08-26T12:52:57","slug":"kilchherr-2","status":"publish","type":"page","link":"https:\/\/franz.kilchherrbubna.ch\/?page_id=28","title":{"rendered":"Kilchherr"},"content":{"rendered":"\n<h2 class=\"wp-block-heading\">Kilchherr<\/h2>\n\n\n\n<p><strong>Familienwappen von Kilchher\/Kilchherr<\/strong>, wie es auf der Schliffscheibe &#171;Hans Kilcher 1798&#187; im Mus\u00e9e Ch\u00e2teau d&#8217;Yverdon \u00fcberliefert ist.<\/p>\n\n\n\n<div class=\"wp-block-columns is-layout-flex wp-container-core-columns-is-layout-9d6595d7 wp-block-columns-is-layout-flex\">\n<div class=\"wp-block-column is-layout-flow wp-block-column-is-layout-flow\" style=\"flex-basis:33.33%\">\n<figure class=\"wp-block-gallery has-nested-images columns-default is-cropped wp-block-gallery-1 is-layout-flex wp-block-gallery-is-layout-flex\">\n<figure class=\"wp-block-image size-thumbnail is-style-default\"><img loading=\"lazy\" decoding=\"async\" width=\"150\" height=\"150\" data-id=\"17\" src=\"https:\/\/franz.kilchherrbubna.ch\/wp-content\/uploads\/2021\/11\/kilchherr-150x150.jpg\" alt=\"\" class=\"wp-image-17\"\/><\/figure>\n<\/figure>\n<\/div>\n\n\n\n<div class=\"wp-block-column is-layout-flow wp-block-column-is-layout-flow\" style=\"flex-basis:66.66%\">\n<div class=\"wp-block-group\"><div class=\"wp-block-group__inner-container is-layout-flow wp-block-group-is-layout-flow\">\n<p><strong>Wappengestaltung:<\/strong><br>Geviert: 1 und 4 in Rot ein goldener L\u00f6we,<br>2 und 3 in Silber ein schwarzer Sch\u00e4del.<br>Das Schild ist belegt mit einem goldenen Balken, darin eine rotumrahmte blaue Sanduhr. <br><strong>Sch\u00e4del <\/strong>= Symbol der Verg\u00e4nglichkeit<br><strong>Sanduhr <\/strong>= wird oft mit dem fig\u00fcrlichen Tod oder dem menschlichen Totensch\u00e4del zusammen ins Wappen gestellt. Sie gilt als Attribut des Todes.<br>Die Sanduhr versinnbildlicht die Verg\u00e4nglichkeit bzw. die Endlichkeit des Lebens.<br><strong>Schliffscheibe<\/strong>: Ein in Glas geritzes Wappen.<\/p>\n<\/div><\/div>\n<\/div>\n<\/div>\n\n\n\n<p><strong>Familienwappen von Kilchherr (neu um ca. 1940)<\/strong><\/p>\n\n\n\n<div class=\"wp-block-columns is-layout-flex wp-container-core-columns-is-layout-9d6595d7 wp-block-columns-is-layout-flex\">\n<div class=\"wp-block-column is-layout-flow wp-block-column-is-layout-flow\" style=\"flex-basis:33.33%\">\n<figure class=\"wp-block-image size-full is-style-default\"><img loading=\"lazy\" decoding=\"async\" width=\"300\" height=\"565\" src=\"https:\/\/www.kilchherrbubna.ch\/franz\/wp-content\/uploads\/2021\/11\/kilchher_mini.jpg\" alt=\"\" class=\"wp-image-16\" srcset=\"https:\/\/franz.kilchherrbubna.ch\/wp-content\/uploads\/2021\/11\/kilchher_mini.jpg 300w, https:\/\/franz.kilchherrbubna.ch\/wp-content\/uploads\/2021\/11\/kilchher_mini-159x300.jpg 159w\" sizes=\"auto, (max-width: 300px) 100vw, 300px\" \/><\/figure>\n<\/div>\n\n\n\n<div class=\"wp-block-column is-layout-flow wp-block-column-is-layout-flow\" style=\"flex-basis:66.66%\">\n<p>Eine Familie \u00abKilchher\u00bb in Z\u00fcrich liess 1940 von einem Heraldiker ein dem Namen entsprechendes Wappen kreieren.<\/p>\n<\/div>\n<\/div>\n\n\n\n<p><\/p>\n","protected":false},"excerpt":{"rendered":"<p>Kilchherr Familienwappen von Kilchher\/Kilchherr, wie es auf der Schliffscheibe &#171;Hans Kilcher 1798&#187; im Mus\u00e9e Ch\u00e2teau d&#8217;Yverdon \u00fcberliefert ist. Wappengestaltung:Geviert: 1 und 4 in Rot ein goldener L\u00f6we,2 und 3 in Silber ein schwarzer Sch\u00e4del.Das Schild ist belegt mit einem goldenen Balken, darin eine rotumrahmte blaue Sanduhr. Sch\u00e4del = Symbol der &hellip;<\/p>\n","protected":false},"author":1,"featured_media":0,"parent":0,"menu_order":7,"comment_status":"closed","ping_status":"closed","template":"","meta":{"footnotes":""},"class_list":["post-28","page","type-page","status-publish","hentry"],"_links":{"self":[{"href":"https:\/\/franz.kilchherrbubna.ch\/index.php?rest_route=\/wp\/v2\/pages\/28","targetHints":{"allow":["GET"]}}],"collection":[{"href":"https:\/\/franz.kilchherrbubna.ch\/index.php?rest_route=\/wp\/v2\/pages"}],"about":[{"href":"https:\/\/franz.kilchherrbubna.ch\/index.php?rest_route=\/wp\/v2\/types\/page"}],"author":[{"embeddable":true,"href":"https:\/\/franz.kilchherrbubna.ch\/index.php?rest_route=\/wp\/v2\/users\/1"}],"replies":[{"embeddable":true,"href":"https:\/\/franz.kilchherrbubna.ch\/index.php?rest_route=%2Fwp%2Fv2%2Fcomments&post=28"}],"version-history":[{"count":13,"href":"https:\/\/franz.kilchherrbubna.ch\/index.php?rest_route=\/wp\/v2\/pages\/28\/revisions"}],"predecessor-version":[{"id":1259,"href":"https:\/\/franz.kilchherrbubna.ch\/index.php?rest_route=\/wp\/v2\/pages\/28\/revisions\/1259"}],"wp:attachment":[{"href":"https:\/\/franz.kilchherrbubna.ch\/index.php?rest_route=%2Fwp%2Fv2%2Fmedia&parent=28"}],"curies":[{"name":"wp","href":"https:\/\/api.w.org\/{rel}","templated":true}]}}